 be n(0). Let t be f(k). Let d(q) = -10*q. What is the units digit of d(t)?
0
Suppose 3*l - 405 = -2*l. What is the units digit of l?
1
Suppose -i = -3*r - 9, -6 = i + 2*r - 0*r. Suppose i = -4*c + 8*c + 12. Let z = 4 - c. What is the units digit of z?
7
Let z(p) = 4 - 4 - 2*p - 2. Let t(s) = -s**3 - 3*s**2 + 5*s. Let x be t(-4). What is the units digit of z(x)?
6
Let v be (-12)/(-2)*(-6)/9. Let c be ((-9)/(-6) + -2)*v. What is the units digit of ((-5)/1*c)/(-2)?
5
Let w(u) be the second derivative of -u**3/6 - u**2 + 3*u. What is the units digit of w(-6)?
4
Let y(r) = -r**2 + 6*r - 3. Let i be y(5). What is the units digit of ((-9)/(-6))/(i/20)?
5
Let o = 35 - 24. Let l = 7 + 1. Let s = o + l. What is the tens digit of s?
1
Let u = -2 - -19. Suppose -u = -2*c + 2*b + b, 0 = -c - 4*b + 25. What is the tens digit of c?
1
Suppose p + 3*y + 21 = 0, 3*p = p - 3*y - 30. Let b = p - -16. What is the units digit of b?
7
Let y(a) = -a**3 + 8*a**2 - 2. What is the units digit of y(7)?
7
Let v be ((-2)/3)/(4/(-120)). Suppose -v = -5*k + 45. What is the units digit of (-4 - -2) + k + 1?
2
Suppose 0 = -4*t + 287 + 53. What is the tens digit of t?
8
Suppose -2*l = 5*b - 29, -4 - 19 = -4*l - 3*b. Suppose -l*o - 152 = -3*r - 43, 0 = -3*o - 15. Suppose -r = -3*k + 12. What is the units digit of k?
5
Suppose 5*f + d = 180, 4*f + 5*d - 108 = f. Suppose 2*j = 5*j - f. What is the units digit of j?
2
Let s = 45 - 28. What is the units digit of s?
7
Let g(h) = h**3 - 8*h**2 - h - 4. Let u be g(8). Let r = 1 - u. What is the units digit of r?
3
Let y(z) = z - 9. Let r be y(11). Suppose 3*l + r*c - 3 + 1 = 0, -2*l - 4 = 4*c. Suppose f = 3, -7*q + 21 = -l*q + 2*f. What is the units digit of q?
3
Let a be 2/9 + (-25)/(-9). Suppose -a*r - 15 = -m - r, -4*m - 5*r = -125. What is the tens digit of m?
2
Suppose 4*o = 2*x + 588, 2*o + o + x = 436. What is the units digit of o?
6
Suppose -3*r + 579 = -201. What is the hundreds digit of r?
2
Let b(n) = -n**2 + 4*n - 3. Let i be b(2). Let u(v) = 21*v. Let s be u(i). Suppose -q - 3 = 2*o, -2*q + s = q - 4*o. What is the units digit of q?
3
Let j = 111 - 79. What is the units digit of j?
2
Let t(s) = s**3 - 8*s**2 + 7*s - 4. Let i be t(8). Suppose -p + 3*o = -2, i = p + 4*p - o. What is the units digit of p?
1
Suppose 4*j + 43 = 2*n - 185, -287 = -3*n - 5*j. What is the units digit of n?
4
Let w be (4/6)/((-4)/66). Let j = w - -26. What is the tens digit of j?
1
Let k be (-6)/(-4)*(10 - -2). Suppose -4*u + 5*v + 6 + 6 = 0, -k = 5*u + 2*v. What is the units digit of (-1*1)/(1 + u)?
1
What is the units digit of 1302/16 + (-12)/32?
1
Let u(o) = 3*o**3 - 2*o - 5. Let b(r) = -r**3 + r + 3. Let f(h) = 5*b(h) + 2*u(h). What is the units digit of f(0)?
5
Suppose 0 = 5*c + 10, 2*a + c + 24 = 6. Let s(b) = -b**3 - 7*b**2 + 5*b + 4. What is the units digit of s(a)?
8
Suppose t + 77 = 2*w, -169 = -0*w - 4*w - t. What is the tens digit of w?
4
Let t(i) = -i**2 + i + 23. Suppose 4*s - w = 1, -3*s = -s - 2*w - 2. Let q be t(s). Let x = q + -14. What is the units digit of x?
9
Let s be (11 + -2)/((-9)/(-12)). Suppose -s = -6*d + 2*d. What is the units digit of d?
3
Suppose -7*n + 5 = -2*n, 5*n - 15 = -2*c. Suppose -2*t + 3 + c = 0. Suppose 4 + t = 2*g. What is the units digit of g?
4
Let i = 274 + -140. What is the hundreds digit of i?
1
What is the units digit of (354/(-4))/(2/(-4)) - -1?
8
Let o(u) = 5*u + 7. What is the tens digit of o(3)?
2
Suppose 33 - 3 = -5*o. Let r = 3 + o. Let m = 5 + r. What is the units digit of m?
2
Suppose 5*i + 4*o - 150 = -41, 0 = -5*i - 3*o + 108. What is the tens digit of i?
2
Suppose -3*h - 68 = -a + 2*h, -68 = -a + h. What is the tens digit of a?
6
Let v(z) = z**3 + z**2 - 2*z + 166. What is the units digit of v(0)?
6
Suppose 3 = -6*c - 3. Let d(w) = w**3 + w - 10. Let n be d(0). Let y = c - n. What is the units digit of y?
9
Let f(g) = -3*g + 3. Let j(w) = 1. Let p(k) = f(k) + 3*j(k). Let d(z) = 16*z - 31. Let i(y) = 2*d(y) + 11*p(y). What is the units digit of i(0)?
4
Suppose -o - 7*u + 2*u + 17 = 0, -4*o + 91 = -3*u. What is the units digit of o?
2
Let u be ((-8)/16)/((-1)/4). Suppose -w = -5, -3*h = -h - u*w - 44. What is the units digit of h?
7
Suppose -4*r - 2*j + 16 = 0, -r = -4*r + 4*j - 10. Suppose -30 = -2*b - 2*f, 6*f + 30 = 2*b + r*f. What is the units digit of b?
5
Let d = 7 + 1. Suppose -3*a - a + d = 0. What is the units digit of 2*(33/6 - a)?
7
Let c(i) = i**2 - 5*i - 2. Let u be c(6). Suppose -u*a = -2*q + 12, -4*a + 3*a + 7 = 2*q. Let x(s) = -12*s**3 - s - 1. What is the units digit of x(a)?
2
Suppose -3 = -o + 8. Suppose 16*q - 13*q = 12. Suppose 0 = -5*n, q*n - o - 9 = -2*g. What is the tens digit of g?
1
Let q be -4*(9/(-6) + 1). Suppose s + u = 12, 5*s + u - 62 = -q*u. What is the tens digit of s?
1
Let w = -9 - -7. Let u(k) = -11*k + 2. Let f be u(w). Let q = 35 - f. What is the units digit of q?
1
Let z be 16/12*(-3)/(-2). Let i be (z/2)/((-1)/3). What is the units digit of -1*(3/i)/1?
1
Let a(i) = 4*i - 9. Suppose -12 = t - 3*t. What is the tens digit of a(t)?
1
Let b(p) = p - 1. Let v = 11 - 8. Let h be b(v). Suppose -21 = 4*t - 5*f, -h*t + 4*f + 0*f = 18. What is the units digit of t?
1
Let k = -3 + 7. What is the units digit of k?
4
Let z = 158 - 78. Suppose -p - z = -6*p. What is the tens digit of p?
1
Let s = -433 + 725. What is the units digit of s?
2
Let k = 19 - -29. Let s be ((-3)/(-9))/((-2)/(-18)). Suppose s*v = -3*q + 12 + 21, 4*v - k = -3*q. What is the tens digit of v?
1
Suppose 31 = 9*u - 5. Let n = 1 - 1. Suppose n = -d - d + 4*v, -d - u*v = -24. What is the units digit of d?
8
Suppose 0 = 3*j - 2*j - 2. Suppose j*g - 95 = -3*g - 5*w, -g + 11 = 5*w. Let m = g + -12. What is the units digit of m?
9
Let m = -34 - -62. What is the tens digit of m?
2
Suppose 0 = k + 14 + 16. Let l = 42 + k. What is the tens digit of l?
1
Suppose -4*f = -2*x - 8, x = 4*x + 5*f - 10. Let p = -3 + x. What is the units digit of (-3 + p)*(-2 + 1)?
6
Let v(x) = -2*x**2 - 5*x + 14. Let o be v(-10). Let h = o - -196. Suppose 58 = 3*a - 5*w, -6*a - 2*w = -2*a - h. What is the tens digit of a?
1
Let v = -5 + 10. Suppose 24 = -q + v*q. What is the units digit of (8/6)/(q/27)?
6
Suppose 0 = h - 4*h + 6. Suppose -h*a - 40 - 10 = 0. Let l = a + 38. What is the tens digit of l?
1
Suppose 3*x + 4 - 1 = p, -4*p + 3*x + 3 = 0. Let h be (p - -44)/1 - 1. What is the units digit of (-2 - h)*(-1)/3?
5
Let d(g) be the first derivative of -g**2/2 - 4*g + 4. Let j be d(-3). What is the units digit of -1 + 6 + 0 + j?
4
Let c be 3*1/6*2. Let r(t) = -2*t + c + 2*t - t. What is the units digit of r(-6)?
7
Let w(h) = h**3 - 2*h + 3. Let r be w(2). Let b = r + -3. What is the units digit of b?
4
Let o = 15 + -10. What is the units digit of o?
5
Let v be (35/2)/(-5)*2. Let h(n) = n**3 + 7*n**2 - 2*n - 4. What is the units digit of h(v)?
0
Suppose -9 = -5*m + 1, -5*r + 4 = -3*m. Suppose -a + 2*v = 1, a - v + 14 = r*a. What is the units digit of a?
9
Let b(p) = p**2 - p + 19. Let k be b(0). Let j = -12 + k. What is the units digit of j?
7
Suppose -28 = -2*t + 4*t. Let f = t - -27. What is the tens digit of f?
1
What is the tens digit of (-2571)/(-9) - (-32)/(-48)?
8
Let t = 4 - -6. Suppose -14 = d - 2*d + 4*z, 2*d - 4 = -4*z. Let w = t - d. What is the units digit of w?
4
What is the units digit of 4/14 - (-771)/21?
7
Let s = -6 - -18. Suppose 2*b - 25 = -5*f - 5, -s = -f - 2*b. Suppose 54 = 5*j + 2*u, 66 = 5*j - f*u - 0*u. What is the tens digit of j?
1
Let t = 37 - -199. What is the units digit of t?
6
Let q = 265 - 143. What is the units digit of q?
2
Let m = 24 + -15. What is the units digit of (-31)/(-3) + 6/m?
1
Let k = 2 + -1. Suppose 3*g = q + 17, -2*q + 2 - k = g. Suppose -g*c + 41 = 2*r, -c - 4*c + 65 = 5*r. What is the units digit of r?
8
Let p(m) = -3*m - m - 25 + 17. What is the units digit of p(-7)?
0
Let k = -77 + 169. What is the units digit of k?
2
Let f = 1 - -1. Let i = 0 + f. Suppose i*a = -a + 12. What is the units digit of a?
4
Let k(y) = y**3 - 13*y**2 + 11*y - 10. Let w be k(12). Let q = -7 - 6. Let g = q - w. What is the units digit of g?
9
Let y(f) = -f**2 + f. Let c be y(1). Suppose 5*r + 2*b = -c*r + 43, 0 = 4*r + 4*b - 44. What is the units digit of r?
7
Let y be (-20)/(-8)*2 - 1. Suppose